a**4/12 + a**3/3 + 4*a**2. Calculate l(6).
14
Let y(w) = 2 - 11*w + 8*w + 2*w**3 + w**3 - 4*w**3 - 5*w**2. What is y(-4)?
-2
Let z(k) be the third derivative of 2/3*k**3 + 1/12*k**5 - 2*k**2 + 1/120*k**6 + 0*k + 0 + 7/24*k**4. Calculate z(-4).
-8
Let v(s) be the second derivative of s**4/12 + s**3 + 5*s**2/2 - s. Suppose -12*n = -8*n + 20. What is v(n)?
0
Let h(f) = 21*f - 3*f**2 - 13 + 6*f**2 - 2*f**2 - 13*f. Calculate h(-9).
-4
Let j(m) = m**2 + 3*m - 4. Let x be j(-5). Let z be 6/8*16/x. Let u(q) = -q - 1. Calculate u(z).
-3
Let t(r) = 2*r - 1. Let p(w) = -w + 1. Let s(c) = -5*p(c) - 2*t(c). Let f(n) be the first derivative of n**3/3 + 5*n**2/2 - 9*n + 2. Let q be f(-7). Give s(q).
2
Suppose -16 = -2*a - y, -5*a = -4*a + 5*y - 17. Suppose -3*u + 8 = -a. Suppose u*v + 12 - 2 = 0. Let l(j) = -j - 2. Determine l(v).
0
Let x(w) be the second derivative of -w**4/4 - w**3/2 - w**2/2 - 6*w. Let n(a) be the first derivative of x(a). Suppose 0 = -4*z - 0*z - 8. Determine n(z).
9
Let k(t) = -4*t + 11*t - 2*t**2 + t - 5*t - 1. What is k(2)?
-3
Suppose -4*h = -3*h + a - 5, -3*a = 4*h - 20. Suppose h*p - 6 = 3*p. Let t(w) = -w**2 - 1. Let i(g) = 2*g**2 - g + 1. Let f(z) = 3*i(z) + 5*t(z). What is f(p)?
-2
Suppose -h - 7 = 3*x + h, -5*h - 24 = x. Let y(n) = -n**2. Let a(w) = -7*w**3 - 3*w**2 - w. Let b(t) = a(t) - 5*y(t). What is b(x)?
-6
Let p(t) = t - 19. Suppose 3*k + 0*k - 39 = 0. Give p(k).
-6
Let u(r) = -19*r + 11*r + 0 + 9*r - 7. Suppose 0*s + 3*s = 9. Let x = 2 + s. Calculate u(x).
-2
Let c be 1/(1 - (3 - 1)). Let d(v) be the first derivative of -v**3/3 + 7. Determine d(c).
-1
Let y(l) = 6*l**3 - 5*l**2 + 5*l - 6. Let t(n) = 5*n**3 - 5*n**2 + 5*n - 6. Let d(j) = 5*t(j) - 4*y(j). What is d(4)?
-2
Let v(l) = -l**3 - l**2 - l - 5. Let h(n) = n**2 - 10*n - 8. Let b be h(11). Let p(m) = m**3 + m**2 + 2*m + 6. Let u(a) = b*v(a) + 2*p(a). Determine u(0).
-3
Let l(t) = -t - 5. Let w be 1 + 1 + 2 + 5. Let b(c) = c**2 - 8*c - 18. Let p be b(w). Determine l(p).
4
Let s(i) be the first derivative of -7*i**3/3 - i**2/2 + i - 1. Let w = -6 - -5. Let k = 2 + w. Give s(k).
-7
Let j = 0 - 0. Suppose 0 = s - j*s. Let h(l) = s*l - 4*l + 3*l + 4. Determine h(3).
1
Let r(s) = s**3 - 6*s**2 - 7*s + 7. Suppose -2*l + 3*l = 7. Determine r(l).
7
Let f(h) = -h**2 - 5*h - 4. Let s(d) = -d**3 + 6*d**2 + 2*d + 31. Let p be s(7). Calculate f(p).
0
Let y be (-17)/(-5) + 6/(-15). Suppose -y*s - 6*b + 2*b = 16, 2*s - 5*b = 20. Let m(u) = -u**3 - u. Determine m(s).
0
Let t(j) = -9*j + 3. Let z(a) = 19*a - 6. Let d(k) = 13*t(k) + 6*z(k). Determine d(2).
-3
Suppose f + 2 = 2*f. Let c(g) = 8*g**2 - 3*g**f + g**2 - 5*g**2 + 3*g + 4. Give c(-4).
8
Let a(g) be the first derivative of 1/2*g**2 - 1 + 2*g. Determine a(-3).
-1
Let p(h) be the first derivative of h**3/3 + h**2/2 + 2*h - 2. Let v be (-19)/(-5) - 2/(-10). Suppose -3*u = -v*u. Give p(u).
2
Let b be (1 - 1)*(-2)/(-6). Suppose -3*g = -b*g. Let s(p) = -1 + 0 + g + 3*p. Determine s(-1).
-4
Let g(p) = 5*p - 27. Let l(a) = -a. Let r(z) = g(z) + 4*l(z). Give r(0).
-27
Let y(i) be the second derivative of -i**4/4 - i**3/3 - i**2 - 37*i. What is y(-2)?
-10
Let g(t) = 2*t**2 + 3*t + 1. Let x(h) = -h + 8. Let c be x(6). Suppose -w - 3*y - 21 = c*w, -3*y = -5*w - 3. What is g(w)?
10
Let b(f) = -f**2 + 3*f + 1. Let k(l) be the first derivative of l**2/2 + 7*l + 4. Let q be k(-4). Give b(q).
1
Let l(r) = -6*r**3 - r - 4*r**2 - r**3 + 11*r**3 + 5*r**3. Let d(v) = 45*v**3 - 21*v**2 - 5*v. Let o(u) = -2*d(u) + 11*l(u). Give o(-1).
-10
Let c(a) = 2*a**2 + 2*a. Let i(f) = -3*f**2 - 5*f + 1. Let n = 5 - 2. Let l(j) = n*i(j) + 5*c(j). Give l(3).
-3
Let w be ((-12)/(-8))/((-12)/(-32)). Let a(y) = y**3 - 2*y**3 + 4*y**2 + 2 - 1 + y. Calculate a(w).
5
Let f(k) = 21*k. Let w be f(-1). Let j = w - -16. Let v(c) = -c**3 - 6*c**2 - 6*c - 6. Calculate v(j).
-1
Let r(l) be the second derivative of -l**5/20 + l**4/3 + 7*l**3/6 - 3*l**2 - l. Let y(t) = -2*t**3 - t**2 + 5*t + 3. Let s be y(-2). Determine r(s).
4
Suppose 0 = -2*y + 3*q - 0 + 9, -10 = 5*y - q. Let z(x) = -x**3 - 2*x**2 + 3*x + 1. What is z(y)?
1
Suppose -5*g = -6*g. Let p(w) = -1. Let b(k) = k - 17. Let r(q) = -b(q) + 6*p(q). Calculate r(g).
11
Let k(w) be the second derivative of w**4/6 - 7*w**3/6 + 5*w**2 - w. Let d(p) = 12*p + p**2 - 7*p + 5 - 8*p. Let o(n) = -5*d(n) + 3*k(n). Give o(5).
0
Let i(l) = -3*l - 60 + 48 + 4*l. What is i(11)?
-1
Let o(s) = -s - 1 + 5*s + 2*s + 0. Suppose 0 = -3*k + 6*k - 6. Suppose k*t = -3*g + 4, 0 = -5*g + 6 + 4. Calculate o(t).
-7
Let g = 0 + 3. Suppose 5*w - 15 = 0, 0 = g*r + 2*w - 3 - 0. Let d(q) be the third derivative of 3*q**6/40 - q**2. Give d(r).
-9
Let w(i) be the second derivative of -i**5/20 + i**4/2 - 5*i**3/6 - 3*i**2/2 + i. Let z = 12 - 5. Suppose -8 = -3*l + z. Give w(l).
-3
Let d(b) = -b - 2. Let g(n) = -2*n - 3. Let l(j) = -5*d(j) + 4*g(j). Let p = -4 + 6. Determine l(p).
-8
Let j(w) = -5*w**2 + 3*w**2 + 0*w**2 - 1 + 3*w**2. Calculate j(-2).
3
Let b(r) be the first derivative of -r**3/6 + 4*r**2 - 4*r + 2. Let o(x) be the first derivative of b(x). What is o(4)?
4
Let f(k) = k**3 - 3*k**2 + 2*k - 2. Let r be f(2). Let p(y) = 2*y**3 - y**2 - 4*y - 3. Give p(r).
-15
Suppose 5*d - 2*a = a + 13, 1 = -a. Let r(c) = 2 - c - 2*c**2 + c**3 + 6*c**d + 4*c. Give r(-4).
-10
Let n(v) be the third derivative of -v**5/20 - 17*v**4/24 + v**3/2 + v**2. Let u(i) = -i**2 - 8*i + 2. Let q(a) = -2*n(a) + 5*u(a). What is q(3)?
-5
Let n(p) = 5*p - 22*p + 6 - 2*p**3 + 8 + 19*p**2. Let l(m) = -m**3 + 10*m**2 - 9*m + 7. Suppose -20 = -o - 3*o. Let q(c) = o*l(c) - 3*n(c). What is q(6)?
-7
Let i be 10*(-1 + (-7)/(-5)). Suppose -20 = -4*t - 2*b - 2, 21 = i*t - b. Let s(p) = -p + 4. Determine s(t).
-1
Let i = -150 + 151. Let r(z) = z - 2. Let s be r(4). Let k(a) = -s*a + 7*a + a. Give k(i).
6
Suppose -2*n - 12 = -5*n. Let j(y) be the second derivative of -y**5/20 + y**4/6 + 5*y**3/6 + 3*y**2/2 + y. Determine j(n).
-9
Let h(j) = 3*j - 3. Let y(t) = -4*t**2 - 4*t + 3. Let x(z) = -z**2 - z. Let m = 0 - 1. Let b(v) = m*y(v) + 3*x(v). Let c be b(-3). Give h(c).
6
Let s be (-3)/((-24)/(-9) + -3). Let n(f) = -2*f + 13 + 0*f + 3*f - s. Give n(-7).
-3
Suppose 2*x - 5*y + 9 = -3, 3*x - 4*y + 11 = 0. Let z(a) = 3*a**2 + a + 1. What is z(x)?
3
Let k(u) = -u**3 - 5*u**2 + 7*u + 4. Let z = 154 + -160. What is k(z)?
-2
Let q(s) = -s**2 + 4*s - 1. Let d = 0 - 0. Let r(a) = a + 3. Let f be r(d). Calculate q(f).
2
Let u(k) = -5*k + 2. Suppose 4*o - 2*g + 1 = -3, 0 = -o + 4*g - 8. Suppose 4*f = -o*f + 8. What is u(f)?
-8
Let m be (-6)/(-24) - (19/(-4) + 1). Let a(t) = -t**2 + 2*t - 2. Determine a(m).
-10
Let t(i) = i + 1. Suppose 3*m + 14 = 7*m - j, -j - 2 = -m. Let w(d) = -12 - 3*d + 4 + m*d. Let g be w(7). Give t(g).
0
Let p(m) = m**2 + 6*m - 7. Let v be p(-7). Let h(g) = -g**2 + g - 8. What is h(v)?
-8
Let p(d) = -d**2 + 4*d + 1. Let j be (-1)/4 - (-26)/8. Determine p(j).
4
Let l = -9 + 11. Let i(w) = -1 - 4 - w - 4 - l. Calculate i(-6).
-5
Let b(n) = -2*n - 2. Let i be (0 - 6)/(-1 - 1). Calculate b(i).
-8
Let q(c) = -c + 1. Let w(x) = -x**3 - x**2 - x. Let m be w(0). Let b be 1 - (0 + 6 - m). Give q(b).
6
Suppose 0*z = -3*z - 6. Let i(x) = x**3 + x**2 + x - 2. Give i(z).
-8
Let s(b) = 5*b**2 - 3*b - 3. Let q(w) = w**2. Let z(d) = 4*q(d) - s(d). Let y = 66 - 62. What is z(y)?
-1
Let s = -14 + 18. Let f(y) = y**3 - 4*y**2 - 5. Let r be f(s). Let g(d) = -d**3 - 5*d**2. What is g(r)?
0
Let l(p) = -4*p - 22. Let r be l(-5). Let c(s) = -2*s**3 - s**2 + 2*s - 1. Calculate c(r).
7
Let c(q) = -q**2 - 18*q - 3*q**3 + 18*q. Determine c(-1).
2
Suppose -45 = -4*i + 4*w + w, 2*i - w = 15. Suppose i*c = c + 12. Let o(r) be the first derivative of r**4/4 - 2*r**3/3 - 2*r**2 + 4*r - 1. Determine o(c).
1
Let x(m) = -4 + 6 + 3*m + 4*m + m**2 + 4. Give x(-4).
-6
Let w(m) = 2 + m**3 - 47*m + 48*m - 2*m**3 - m**2. Suppose 0*n + n + 2 = 0. Determine w(n).
4
Let d(b) be the second derivative of 0 + 1/6*b**3 + 2*b - 5*b**2. Let y(k) = k**2 + 2*k. Let i be y(-2). Calculate d(i).
-10
Suppose 0 = 2*q - 5*c - 5, -3*q - 2*c = -8*q + 2. Suppose q*p + 15 = 5*p. Let b(n) = n**2 - 2*n - 4. Calculate b(p).
-1
Let s(o) = -4*o + 0*o**3 - 1 - 6*o**2 + 1 - o**3 + 2. Let v be s(-5). Let r(t) = -t**3 - 5*t**2 - 3*t + 2. Calc